 prime factors of q?
2
Suppose 0*m + 2*m - 3*a - 9 = 0, -5*a = 3*m + 34. List the prime factors of (m - -4)*18 - -1.
19
Let n(p) = -p**3 + 4*p**2 + 5*p + 6. Let w be n(5). Let i(f) = -f + 2 + 4 + 4*f. What are the prime factors of i(w)?
2, 3
Let d = -22 - -34. Let s(p) = -p + 16. Let j be s(d). Suppose 5*h = -v + 180, h + 0*h - 36 = j*v. What are the prime factors of h?
2, 3
Let q(k) = -53*k - 97. List the prime factors of q(-3).
2, 31
Suppose 18*t - 22*t = -6544. List the prime factors of t.
2, 409
Let b(u) = u**2 - 10*u + 4. Let n be b(10). Suppose -j + n*j = 0. Suppose j*t - 105 = -3*t. What are the prime factors of t?
5, 7
Let o(i) = -5*i - 1. Let l be o(3). Let p = 26 - l. What are the prime factors of p?
2, 3, 7
Let q = -82 + 109. Suppose 11*z = 2*z + q. List the prime factors of z.
3
Let o be 2 - -44 - 8/2. Let l = -24 + o. Let y = l + 15. List the prime factors of y.
3, 11
Suppose 3 = -7*l + 24. Let a be (-24)/(-18)*l/2. Suppose -3*d = -y + 2*d + 19, -2*y + a*d = -38. What are the prime factors of y?
19
Let f(a) = a**3 - 7*a**2 + 10. Let p be f(7). Let t = 123 - p. List the prime factors of t.
113
Suppose -5*v - 18 = -68. Let l = -8 + v. Suppose 0 = -l*m - 3*b + 56, 0 = -6*m + 2*m - 3*b + 112. What are the prime factors of m?
2, 7
Let p(b) = 37*b**3 + 3*b**2 - 2. Suppose 4 = 2*h + f, 0 = 3*h - 2*f - 1 - 5. Let q be p(h). Suppose -10*g + q = -4*g. What are the prime factors of g?
3, 17
Suppose 8*k - 6239 = -2007. What are the prime factors of k?
23
Let z(p) = 19*p + 14. Suppose -6*x + 3*x = 9, 3*l + 3*x = 6. What are the prime factors of z(l)?
109
Let p = 34 - -99. What are the prime factors of p?
7, 19
Suppose 5*x = -26 + 66. Let t(j) = 43*j + 10. Let m be t(-8). List the prime factors of m/(-12) - x/(-48).
2, 7
Suppose -5*n = 4*f - 2*n - 636, -5*f = 3*n - 798. What are the prime factors of f?
2, 3
Let m = 263 + 39. What are the prime factors of m?
2, 151
What are the prime factors of ((-2024)/(-10))/(4 - (-638)/(-165))?
2, 3, 11, 23
Let z be (-5)/((-14)/(-5) - 3). Let l be z/10*(-8)/(-5). Suppose -l*c + 21 = -15. List the prime factors of c.
3
Let q be (9/2)/(1/4). Let t be 6*8/q*18. Let m = t + -29. What are the prime factors of m?
19
Suppose 4*h + 4*h = 0. Suppose h = -p + 5*p - 5*r - 18, 4*p + 2 = -5*r. Let o(s) = 9*s**3 - s**2 - 3*s + 3. What are the prime factors of o(p)?
5, 13
Suppose 0 = z + 17 - 19. Suppose z*o = 4*o + 2. Let f(p) = -30*p**3 + p**2 - p - 2. What are the prime factors of f(o)?
2, 3, 5
Let r be ((-164)/(-12) - 1)/((-4)/(-6)). Let w = 33 - r. What are the prime factors of w?
2, 7
Suppose 5080 = 4*u - 22*c + 26*c, -5*c = -3*u + 3810. List the prime factors of u.
2, 5, 127
List the prime factors of 4 - 720/(-21)*(7 + 0).
2, 61
Let u(s) be the second derivative of s**5/20 + 5*s**2/2 + 6*s. List the prime factors of u(0).
5
Suppose 14 + 6 = 4*d. Suppose 2*f + 4*j - 96 = 0, 0 = -6*f + 2*f - d*j + 204. Suppose 3*t - f = h, 2*t = -4*h + 16 - 2. List the prime factors of t.
17
Let c(f) = -5*f**3 + f**2. Let k be c(-1). Suppose -k - 12 = -3*j. What are the prime factors of ((-2)/j)/(6/(-486))?
3
Let p = -719 - -919. List the prime factors of p.
2, 5
List the prime factors of (9746/33 + -10)*1*3.
2, 107
Let v = 214 + -128. Let q = -21 + v. List the prime factors of q.
5, 13
Let c = 174 + -162. Let v = -2 + 2. Suppose -5*x + 2 - c = v, 4*h + 2*x - 188 = 0. List the prime factors of h.
2, 3
Let o(j) = 7*j**2 + 16*j + 44. List the prime factors of o(7).
499
Let v(k) be the second derivative of k**3 - 3*k**2 - 9*k. Let r be v(3). Let w(x) = -x**2 + 11*x + 18. List the prime factors of w(r).
2, 3
Suppose 0*w + 2*x = -w - 94, 0 = -w - 5*x - 103. Let r = w - -143. What are the prime factors of r?
5, 11
Suppose q + 54 = -7. Let c = q - -85. What are the prime factors of c?
2, 3
Let z = 436 + 202. List the prime factors of z.
2, 11, 29
Let a(n) = -289*n - 495. List the prime factors of a(-7).
2, 191
Let h = 13204 + -9324. List the prime factors of h.
2, 5, 97
Let l(t) = -2*t + 9. Let a = 21 + 0. Suppose 2*r = -r - a. What are the prime factors of l(r)?
23
Let a = -94 + 66. Let j = a + 182. List the prime factors of j.
2, 7, 11
List the prime factors of (-8)/((-32)/12) - (0 + -163).
2, 83
Let q be (2*8)/(2 - 3). Let h = q + 20. Suppose h*l + 110 = 4*w - 10, 2*w - l = 58. What are the prime factors of w?
2, 7
Let y(j) = 218*j - 301. What are the prime factors of y(5)?
3, 263
Let f(q) = q**3 + 4*q**2 - 3*q - 3. Let r be ((-6)/(-10))/((-4)/(-20)). Suppose 0 = -r*a - 3, a - 13 = 3*y + 2*a. What are the prime factors of f(y)?
3
Let o = -256 + 90. List the prime factors of 6/8*14/(-21)*o.
83
Suppose 5044 = 3*n - h, n - 5*h = -h + 1685. What are the prime factors of n?
41
Suppose -641 = -4*b - 3*c, 0 = -14*c + 10*c - 4. List the prime factors of b.
7, 23
Let w(t) = t**2 + 5*t - 6. Let k be w(-6). Suppose k = -o - 0*o + 57. What are the prime factors of o?
3, 19
Suppose 3*a + 0*k - 219 = 3*k, -3*k + 249 = 3*a. Let b = a + 11. List the prime factors of b.
89
Let b(d) = d**3 + 22*d**2 + 31*d - 48. What are the prime factors of b(-16)?
2, 31
Let h(d) = -d**3 - 3*d**2 + 4*d + 1. Let w be h(-4). Suppose -5*a + 3*p + 124 = 0, p - w - 65 = -3*a. Let m = a - 19. List the prime factors of m.
2
Let v(c) = 48*c + 11. Let x be v(11). Let n = x - 376. List the prime factors of n.
163
Let c(z) = 847*z**2 + 10*z - 10. What are the prime factors of c(1)?
7, 11
Let c(n) = n**3 - 17*n**2 + 31*n - 139. List the prime factors of c(17).
2, 97
Suppose 0 = 5*s - 3*q - 9, -4*s + s - q = -11. Suppose -2*r + x + x + 32 = 0, s*x = 2*r - 33. Let l = -3 + r. List the prime factors of l.
2, 3
Suppose 4*d - 2*d - 24 = 0. Suppose -2*k = 4*r - 6, -2*r + 15*k = d*k - 15. What are the prime factors of r?
3
Suppose 6 = u - 97. Let r = u - 71. List the prime factors of r.
2
Let j be (-2)/6 - (-719)/(-3). Let o be 4/(-8)*(j - 2). Suppose -4*z + o = -115. List the prime factors of z.
59
Suppose 2*v + 5*u - 1202 = 0, -2970 = -5*v - 6*u + 11*u. What are the prime factors of v?
2, 149
What are the prime factors of (-3)/27 - (-256520)/180?
3, 5, 19
Suppose -2*h - 38 - 94 = 0. Let x = -55 - h. List the prime factors of x.
11
Let k be (4 - 3)*(6 - 3). Suppose 2*n = 3*t - 17, -t + k*n = -11 - 4. Suppose -4*r = -2*x - 2*x - 12, 2*r + t*x - 26 = 0. What are the prime factors of r?
7
Suppose 0 = -2*o + 96 - 94, 0 = -a - 2*o + 297. What are the prime factors of a?
5, 59
Let r(b) = -16*b - 7. Let c be -6*3*(-2)/6. Suppose 0 = z + c - 3. What are the prime factors of r(z)?
41
Suppose -2*j = -2*p + 176, 0 = -p + j - 4*j + 68. List the prime factors of p.
83
Let b = -10 - -15. Suppose 2 = -2*r - 2*l - 2*l, b*l + 13 = r. Suppose -2*x = r*i - 116, 4*i = -i + x + 176. List the prime factors of i.
2, 3
Let y(j) = j**3 + 11*j**2 - 12*j - 8. Let b(k) = k**3 - k**2 + k - 1. Let s(g) = 2*b(g) - y(g). What are the prime factors of s(12)?
2, 3, 5
Suppose 76*d = 74*d + 3*h + 3289, -4*h = -20. What are the prime factors of d?
2, 7, 59
Let x(b) = -b**2 - b - 3. Let q be x(0). Let t be (68/6)/(9/(-270)). List the prime factors of q/(-2)*t/(-15).
2, 17
Let u(b) = -8*b**3 + 16*b**2 + 16*b + 18. List the prime factors of u(-6).
2, 3, 7, 53
Let j = -612 - -1116. List the prime factors of j.
2, 3, 7
Suppose 3*n + 6*t = t + 110, -52 = -2*n + 2*t. Suppose 4*i - 114 = -2*m, i - m = 2*i - n. What are the prime factors of i?
3
Let p(a) = a**3 + 17*a**2 + a - 19. Let v be p(-17). What are the prime factors of (v/(-27))/(2/72)?
2, 3
Let v(z) = 13*z**2 + z + 1. Let u be v(-1). Suppose q + q - s - u = 0, 40 = 5*q - 4*s. Suppose 6 = -f + q*f. What are the prime factors of f?
2
Let i be (-1)/2 - 20/(-8). Suppose -i*p - p = -9. Suppose 0 = -p*n + 50 + 25. What are the prime factors of n?
5
Let l = -73 + 82. Let a(d) = 2*d**2 - 2*d + 14. What are the prime factors of a(l)?
2, 79
Let g = 890 - 663. List the prime factors of g.
227
Let z(c) = -17*c - 26. What are the prime factors of z(-21)?
331
Let d(a) = a**3 - 4*a**2 - 4*a + 6. Let r be d(5). Let n = r + -9. Suppose 5*m + n*f - 10 = f, -5*m + f + 10 = 0. What are the prime factors of m?
2
What are the prime factors of ((-16)/(-6) - 2)/((-4)/(-11304))?
2, 3, 157
Let g be -86 - (0/(-3))/3. Suppose 0 = -4*y + 2*q - 144, 3*y + 118 = 10*q - 6*q. Let v = y - g. What are the 